se
Is 20 a factor of 120349277?
False
Is 134 a factor of 56580964?
True
Is 33675952 a multiple of 269?
False
Does 437 divide 19219239?
False
Does 45 divide 146308410?
True
Does 7 divide 3979999494?
False
Is 223 a factor of 111061211?
False
Is 40084255 a multiple of 7?
False
Is 672 a factor of 25656288?
True
Is 671 a factor of 44308814?
True
Does 15 divide 788355117?
False
Is 7078540 a multiple of 1165?
True
Is 524 a factor of 194267760?
True
Does 88 divide 33972355?
False
Does 278 divide 56290412?
False
Does 7 divide 204625528?
False
Is 550913475 a multiple of 6069?
True
Does 925 divide 414727450?
True
Does 412 divide 54169348?
True
Is 2719 a factor of 52191205?
True
Is 2594664933 a multiple of 17?
True
Is 8 a factor of 255071944?
True
Does 6 divide 55761360?
True
Is 173805555 a multiple of 46?
False
Is 27 a factor of 1110242836?
False
Is 660728813 a multiple of 1610?
False
Is 10720156 a multiple of 287?
False
Is 11852544 a multiple of 176?
True
Does 116 divide 253006050?
False
Is 309 a factor of 7780092?
False
Does 293 divide 114694557?
True
Is 919770263 a multiple of 285?
False
Is 3448231568 a multiple of 872?
True
Does 18 divide 212129552?
False
Is 188508 a multiple of 2?
True
Does 364 divide 173526840?
False
Is 14727566 a multiple of 226?
False
Is 282113044 a multiple of 3538?
True
Is 80 a factor of 31136560?
True
Is 470 a factor of 51079600?
True
Does 6042 divide 2920699173?
False
Is 13 a factor of 19410625?
True
Is 72789376 a multiple of 544?
True
Is 21853584 a multiple of 108?
True
Is 4 a factor of 8235441?
False
Is 3 a factor of 148229687?
False
Is 20 a factor of 18225900?
True
Is 45087258 a multiple of 8?
False
Is 109729890 a multiple of 162?
True
Is 299 a factor of 35088896?
False
Does 2428 divide 42528813?
False
Is 20 a factor of 223479104?
False
Is 60768881 a multiple of 16?
False
Does 14 divide 106492134?
True
Is 3690316417 a multiple of 55?
False
Is 46295165 a multiple of 78?
False
Is 549 a factor of 132848633?
False
Does 2513 divide 199147171?
False
Does 78 divide 878927556?
True
Is 124 a factor of 608459001?
False
Is 1075 a factor of 51817098?
False
Does 118 divide 815904003?
False
Does 35 divide 7891905?
True
Is 2 a factor of 2329166?
True
Is 6999 a factor of 629204695?
False
Is 1814 a factor of 196132031?
False
Does 153 divide 50849703?
True
Does 1203 divide 63796293?
True
Is 220104588 a multiple of 4092?
True
Is 408946132 a multiple of 28?
True
Does 9 divide 303543927?
True
Does 13 divide 1178918988?
True
Is 323933075 a multiple of 137?
True
Is 1039392000 a multiple of 225?
True
Does 318 divide 116703456?
True
Is 1766 a factor of 147973721?
False
Is 193 a factor of 1200880354?
True
Is 16 a factor of 308797952?
True
Is 41 a factor of 5403852346?
False
Does 132 divide 9613692?
True
Is 19 a factor of 156625598?
False
Does 41 divide 1657630697?
True
Does 101 divide 161938664?
False
Does 555 divide 752920059?
False
Does 2 divide 514154712?
True
Does 334 divide 125993886?
False
Does 416 divide 18430704?
False
Is 13379282 a multiple of 14?
True
Is 887 a factor of 22182503?
False
Is 164 a factor of 257048024?
True
Is 9487 a factor of 40772217?
False
Is 233 a factor of 2985518426?
False
Is 8182155 a multiple of 4?
False
Does 6 divide 99150931?
False
Is 28 a factor of 77132041?
False
Is 3162326382 a multiple of 129?
True
Is 38 a factor of 803952168?
True
Is 240 a factor of 46465440?
True
Is 555 a factor of 26970054?
False
Does 94 divide 21776467?
False
Does 326 divide 31864775?
False
Does 18 divide 252926082?
True
Is 114557322 a multiple of 11?
True
Is 4 a factor of 1693156?
True
Is 93614862 a multiple of 19?
True
Does 159 divide 57676455?
True
Is 148555400 a multiple of 1450?
True
Does 108 divide 1171752048?
True
Is 671 a factor of 281540030?
False
Does 3050 divide 70695208?
False
Is 4 a factor of 3907120?
True
Is 1111 a factor of 2846382?
True
Is 9 a factor of 13156607?
False
Is 88 a factor of 390727128?
True
Does 2226 divide 81809952?
True
Does 1760 divide 909425440?
True
Is 1351 a factor of 170307214?
False
Does 102 divide 26106492?
True
Is 1939256046 a multiple of 98?
True
Is 34027514 a multiple of 57?
False
Is 763 a factor of 141046654?
True
Does 2388 divide 749865713?
False
Does 12 divide 362943818?
False
Is 65373820 a multiple of 46?
True
Is 405132890 a multiple of 205?
True
Is 1147349541 a multiple of 73?
True
Is 29 a factor of 29524900?
True
Is 10 a factor of 1183472680?
True
Does 32 divide 77277120?
True
Does 3247 divide 5571975386?
True
Does 2365 divide 60864913?
False
Is 3 a factor of 2217314?
False
Is 35 a factor of 110067930?
True
Is 40254616 a multiple of 248?
True
Is 919 a factor of 124711015?
False
Is 1985 a factor of 53866945?
True
Is 239 a factor of 800810369?
True
Does 319 divide 591773493?
False
Does 14 divide 389996866?
True
Is 242 a factor of 276105060?
True
Is 95 a factor of 2082630592?
False
Is 101 a factor of 80968189?
False
Is 68841100 a multiple of 20?
True
Does 13 divide 103117560?
True
Is 3863190694 a multiple of 418?
True
Is 1137 a factor of 110260575?
True
Is 117 a factor of 171574169?
False
Is 1112347676 a multiple of 53?
True
Does 102 divide 29658438?
True
Does 53 divide 2212071?
False
Does 23 divide 6113630?
True
Is 2669 a factor of 400296368?
False
Does 1207 divide 28634868?
True
Is 320688370 a multiple of 399?
False
Is 19747604 a multiple of 4?
True
Is 116850 a multiple of 246?
True
Is 52447885 a multiple of 361?
True
Is 118251554 a multiple of 38?
True
Does 653 divide 102845541?
True
Is 454340801 a multiple of 1381?
False
Is 3 a factor of 2243873?
False
Does 9 divide 3604491109?
False
Is 1044 a factor of 635672808?
True
Does 1709 divide 13243002?
False
Is 433162249 a multiple of 9?
False
Is 32786616 a multiple of 8?
True
Does 26 divide 443235598?
True
Is 14528042 a multiple of 686?
False
Does 1486 divide 8180430?
True
Does 699 divide 18271860?
True
Is 31 a factor of 21637037?
False
Is 50 a factor of 31304515?
False
Does 5 divide 680128150?
True
Does 3989 divide 4367955?
True
Is 190 a factor of 803517885?
False
Is 7045371 a multiple of 9?
True
Is 81 a factor of 44754556?
False
Does 42 divide 454280206?
False
Does 57 divide 506136858?
True
Is 1604 a factor of 15045520?
True
Is 12 a factor of 166225937?
False
Is 13141358 a multiple of 103?
True
Does 10 divide 49272927?
False
Is 74 a factor of 5172284?
False
Does 2132 divide 20384227?
False
Does 406 divide 124728478?
True
Is 32 a factor of 199417942?
False
Does 157 divide 63107522?
False
Does 184 divide 51216400?
True
Does 8 divide 24021844?
False
Is 2359 a factor of 921847661?
True
Does 1898 divide 19748632?
False
Is 456113060 a multiple of 9?
False
Is 78847886 a multiple of 26?
True
Is 7423370 a multiple of 146?
True
Is 16445450 a multiple of 18?
False
Does 27 divide 1437124627?
False
Is 9311 a factor of 3089743618?
True
Is 2902372540 a multiple of 10?
True
Is 98133750 a multiple of 2750?
True
Does 567 divide 65661171?
False
Is 15 a factor of 20973270?
True
Is 13692658 a multiple of 267?
False
Does 635 divide 1251223050?
True
Does 48 divide 286668984?
False
Does 1083 divide 18929917?
False
Is 47 a factor of 35985033?
True
Is 579983318 a multiple of 46?
True
Does 97 divide 82245136?
True
Is 649113181 a multiple of 5?
False
Is 15 a factor of 839844210?
True
Is 1011 a factor of 21262980?
False
Does 178 divide 206143402?
True
Is 176 a factor of 25282193?
False
Does 21 divide 319645830?
True
Does 7210 divide 843575758?
False
Does 305 divide 38386080?
True
Does 51 divide 368040446?
False
Is 34064266 a multiple of 106?
True
Is 1040054661 a multiple of 1539?
True
Is 1194470 a multiple of 10?
True
Does 1206 divide 1608804?
True
Is 2069 a factor of 45451473?
False
Is 1281 a factor of 13122564?
True
Is 150524442 a multiple of 3372?
False
Does 238 divide 280980499?
False
Is 2223220406 a multiple of 2738?
True
Does 804 divide 216183540?
True
Does 10 divide 5445334700?
True
Is 73705414 a multiple of 1798?
True
Is 41 a factor of 3385261?
False
Does 1768 divide 271495836?
False
Is 300 a factor of 3622800?
True
Is 16912464 a multiple of 1389?
True
Is 1050 a factor of 70010833?
False
Is 27105904 a multiple of 8?
True
Is 418777128 a multiple of 98?
True
Does 804 divide 1098127?
False
Does 227 divide 121840470?
False
Is 954577299 a multiple of 39?
True
Does 399 d